{"id":826,"date":"2017-08-07T19:29:44","date_gmt":"2017-08-07T19:29:44","guid":{"rendered":"http:\/\/anestesiologia.uc.cl\/?page_id=826"},"modified":"2020-02-12T05:59:08","modified_gmt":"2020-02-12T05:59:08","slug":"podcast","status":"publish","type":"page","link":"https:\/\/anestesiologia.uc.cl\/?page_id=826","title":{"rendered":"Podcast"},"content":{"rendered":"<p>[et_pb_section fb_built=&#8221;1&#8243; _builder_version=&#8221;3.22&#8243; background_color=&#8221;rgba(255,255,255,0)&#8221; custom_padding=&#8221;0px|0px|0px|0px&#8221;][et_pb_row module_class=&#8221; et_pb_row_fullwidth&#8221; _builder_version=&#8221;3.25&#8243; width=&#8221;89%&#8221; width_tablet=&#8221;80%&#8221; width_phone=&#8221;&#8221; width_last_edited=&#8221;on|desktop&#8221; max_width=&#8221;89%&#8221; max_width_tablet=&#8221;80%&#8221; max_width_phone=&#8221;&#8221; max_width_last_edited=&#8221;on|desktop&#8221; custom_margin=&#8221;|0px||0px&#8221; custom_padding=&#8221;0px|0px|0px|0px&#8221; make_fullwidth=&#8221;on&#8221;][et_pb_column type=&#8221;4_4&#8243; _builder_version=&#8221;3.25&#8243; custom_padding=&#8221;|0px||0px&#8221; custom_padding__hover=&#8221;|||&#8221;][et_pb_image src=&#8221;http:\/\/anestesiologia.uc.cl\/wp-content\/uploads\/2017\/08\/podcast_banner.jpg&#8221; url=&#8221;https:\/\/itunes.apple.com\/cl\/podcast\/podcast-de-la-divisi%C3%B3n-de-anestesiolog%C3%ADa-uc\/id1278733546?mt=2&#8243; url_new_window=&#8221;on&#8221; align_tablet=&#8221;center&#8221; align_phone=&#8221;&#8221; align_last_edited=&#8221;on|desktop&#8221; _builder_version=&#8221;3.23&#8243; animation_style=&#8221;slide&#8221; animation_direction=&#8221;left&#8221; animation_duration=&#8221;500ms&#8221; animation_intensity_slide=&#8221;10%&#8221;][\/et_pb_image][et_pb_search exclude_pages=&#8221;on&#8221; exclude_posts=&#8221;on&#8221; placeholder=&#8221;Buscar un Podcast&#8230;&#8221; _builder_version=&#8221;3.23&#8243; button_text_size__hover_enabled=&#8221;off&#8221; button_one_text_size__hover_enabled=&#8221;off&#8221; button_two_text_size__hover_enabled=&#8221;off&#8221; button_text_color__hover_enabled=&#8221;off&#8221; button_one_text_color__hover_enabled=&#8221;off&#8221; button_two_text_color__hover_enabled=&#8221;off&#8221; button_border_width__hover_enabled=&#8221;off&#8221; button_one_border_width__hover_enabled=&#8221;off&#8221; button_two_border_width__hover_enabled=&#8221;off&#8221; button_border_color__hover_enabled=&#8221;off&#8221; button_one_border_color__hover_enabled=&#8221;off&#8221; button_two_border_color__hover_enabled=&#8221;off&#8221; button_border_radius__hover_enabled=&#8221;off&#8221; button_one_border_radius__hover_enabled=&#8221;off&#8221; button_two_border_radius__hover_enabled=&#8221;off&#8221; button_letter_spacing__hover_enabled=&#8221;off&#8221; button_one_letter_spacing__hover_enabled=&#8221;off&#8221; button_two_letter_spacing__hover_enabled=&#8221;off&#8221; button_bg_color__hover_enabled=&#8221;off&#8221; button_one_bg_color__hover_enabled=&#8221;off&#8221; button_two_bg_color__hover_enabled=&#8221;off&#8221;][\/et_pb_search][\/et_pb_column][\/et_pb_row][et_pb_row column_structure=&#8221;1_2,1_2&#8243; _builder_version=&#8221;3.25&#8243; background_size=&#8221;initial&#8221; background_position=&#8221;top_left&#8221; background_repeat=&#8221;repeat&#8221; custom_padding=&#8221;17.7188px|0px|0px|0px&#8221;][et_pb_column type=&#8221;1_2&#8243; _builder_version=&#8221;3.25&#8243; custom_padding=&#8221;|||&#8221; custom_padding__hover=&#8221;|||&#8221;][et_pb_text _builder_version=&#8221;3.27.4&#8243; text_font=&#8221;||||||||&#8221; text_font_size=&#8221;12.3px&#8221;]<\/p>\n<p>\u00a1Hola a todos!<\/p>\n<p>Sean muy bienvenidos al Podcast de la Divisi\u00f3n de Anestesiolog\u00eda de la Universidad Cat\u00f3lica. Me presento, soy el Doctor Maximiliano Zamora y les estar\u00e9 hablando durante gran parte de estos episodios. Tendremos una serie de cap\u00edtulos, en la secci\u00f3n \u201ctema por tema\u201d, en que revisaremos contenidos relevantes y b\u00e1sicos de Anestesiolog\u00eda, el fin de estos es entregar conocimientos para todos aquellos que est\u00e9n estudiando la especialidad, o para los que est\u00e1n en periodo de revalidaci\u00f3n de t\u00edtulo.<\/p>\n<p>Posteriormente publicaremos secciones enfocadas en opiniones de expertos, revisi\u00f3n de art\u00edculos interesantes, entre otros. Mi idea es que puedan escuchar estos cap\u00edtulos en un contexto informal, cuando salgan a correr o vayan camino a sus trabajos y optimicen su tiempo de aprendizaje.<\/p>\n<p>Esta es una p\u00e1gina abierta, disponible para todos los interesados, y se espera que se convierta en una zona de debate y gran aprendizaje sobre muchos temas. Recuerden comentar acerca de los episodios y descargar y evaluar nuestro podcast en Itunes, para que este pueda llegar a la mayor cantidad de personas posibles.<\/p>\n<p>\u00a1Gracias por escucharnos!<\/p>\n<p style=\"text-align: left;\"><span style=\"font-size: large;\"><strong><a href=\"https:\/\/itunes.apple.com\/cl\/podcast\/podcast-de-la-divisi%C3%B3n-de-anestesiolog%C3%ADa-uc\/id1278733546?mt=2\">Disponible en iTunes<\/a><\/strong><\/span><\/p>\n<p style=\"text-align: left;\"><span style=\"font-size: large;\"><strong><a href=\"https:\/\/maxzamorahelo.podbean.com\">Disponible en Podbean<\/a><\/strong><\/span><\/p>\n<p style=\"text-align: left;\"><span style=\"font-size: large;\"><strong><a href=\"https:\/\/www.facebook.com\/PodcastAnestesiaUC\/\">Facebook Podcast<\/a><\/strong><\/span><\/p>\n<p style=\"text-align: left;\"><span style=\"font-size: large;\"><strong><a href=\"https:\/\/twitter.com\/AnestesiaUC\">S\u00edguenos en Twitter<\/a><\/strong><\/span><\/p>\n<p>[\/et_pb_text][\/et_pb_column][et_pb_column type=&#8221;1_2&#8243; _builder_version=&#8221;3.25&#8243; custom_padding=&#8221;|||&#8221; custom_padding__hover=&#8221;|||&#8221;][et_pb_image src=&#8221;http:\/\/anestesiologia.uc.cl\/wp-content\/uploads\/2018\/01\/gif-45.gif&#8221; url=&#8221;http:\/\/educacioncontinua.anestesiologia.uc.cl\/&#8221; url_new_window=&#8221;on&#8221; align_tablet=&#8221;center&#8221; align_phone=&#8221;&#8221; align_last_edited=&#8221;on|desktop&#8221; _builder_version=&#8221;3.23&#8243;][\/et_pb_image][\/et_pb_column][\/et_pb_row][\/et_pb_section][et_pb_section fb_built=&#8221;1&#8243; _builder_version=&#8221;3.22&#8243; background_color=&#8221;rgba(255,255,255,0)&#8221; custom_padding=&#8221;35.4375px|0px|0px|0px&#8221;][et_pb_row _builder_version=&#8221;3.25&#8243; background_size=&#8221;initial&#8221; background_position=&#8221;top_left&#8221; background_repeat=&#8221;repeat&#8221; custom_padding=&#8221;17.7188px|0px|0px|0px&#8221;][et_pb_column type=&#8221;4_4&#8243; _builder_version=&#8221;3.25&#8243; custom_padding=&#8221;|||&#8221; custom_padding__hover=&#8221;|||&#8221;][et_pb_blog fullwidth=&#8221;off&#8221; include_categories=&#8221;22&#8243; show_author=&#8221;off&#8221; show_categories=&#8221;off&#8221; show_comments=&#8221;on&#8221; _builder_version=&#8221;3.18.8&#8243; header_font=&#8221;||||||||&#8221; body_font=&#8221;||||||||&#8221; meta_font=&#8221;||||||||&#8221; animation_style=&#8221;fade&#8221; pagination_font_size_tablet=&#8221;51&#8243; pagination_line_height_tablet=&#8221;2&#8243; box_shadow_style=&#8221;preset1&#8243; box_shadow_color=&#8221;rgba(0,0,0,0.1)&#8221; use_dropshadow=&#8221;on&#8221;][\/et_pb_blog][\/et_pb_column][\/et_pb_row][\/et_pb_section]<\/p>\n","protected":false},"excerpt":{"rendered":"<p>Buscar: \u00a1Hola a todos! Sean muy bienvenidos al&#8230;<\/p>\n","protected":false},"author":1,"featured_media":0,"parent":0,"menu_order":0,"comment_status":"closed","ping_status":"closed","template":"fullwidth.php","meta":{"_et_pb_use_builder":"on","_et_pb_old_content":"","_et_gb_content_width":"","footnotes":""},"yoast_head":"<!-- This site is optimized with the Yoast SEO plugin v21.7 - https:\/\/yoast.com\/wordpress\/plugins\/seo\/ -->\n<title>Podcast - Anestesia Regional<\/title>\n<meta name=\"robots\" content=\"index, follow, max-snippet:-1, max-image-preview:large, max-video-preview:-1\" \/>\n<link rel=\"canonical\" href=\"https:\/\/anestesiologia.uc.cl\/?page_id=826\" \/>\n<meta property=\"og:locale\" content=\"es_ES\" \/>\n<meta property=\"og:type\" content=\"article\" \/>\n<meta property=\"og:title\" content=\"Podcast - Anestesia Regional\" \/>\n<meta property=\"og:description\" content=\"Buscar: \u00a1Hola a todos! Sean muy bienvenidos al...\" \/>\n<meta property=\"og:url\" content=\"https:\/\/anestesiologia.uc.cl\/?page_id=826\" \/>\n<meta property=\"og:site_name\" content=\"Anestesia Regional\" \/>\n<meta property=\"article:modified_time\" content=\"2020-02-12T05:59:08+00:00\" \/>\n<meta name=\"twitter:card\" content=\"summary_large_image\" \/>\n<meta name=\"twitter:label1\" content=\"Tiempo de lectura\" \/>\n\t<meta name=\"twitter:data1\" content=\"4 minutos\" \/>\n<script type=\"application\/ld+json\" class=\"yoast-schema-graph\">{\"@context\":\"https:\/\/schema.org\",\"@graph\":[{\"@type\":\"WebPage\",\"@id\":\"https:\/\/anestesiologia.uc.cl\/?page_id=826\",\"url\":\"https:\/\/anestesiologia.uc.cl\/?page_id=826\",\"name\":\"Podcast - Anestesia Regional\",\"isPartOf\":{\"@id\":\"https:\/\/anestesiologia.uc.cl\/#website\"},\"datePublished\":\"2017-08-07T19:29:44+00:00\",\"dateModified\":\"2020-02-12T05:59:08+00:00\",\"breadcrumb\":{\"@id\":\"https:\/\/anestesiologia.uc.cl\/?page_id=826#breadcrumb\"},\"inLanguage\":\"es\",\"potentialAction\":[{\"@type\":\"ReadAction\",\"target\":[\"https:\/\/anestesiologia.uc.cl\/?page_id=826\"]}]},{\"@type\":\"BreadcrumbList\",\"@id\":\"https:\/\/anestesiologia.uc.cl\/?page_id=826#breadcrumb\",\"itemListElement\":[{\"@type\":\"ListItem\",\"position\":1,\"name\":\"Home\",\"item\":\"https:\/\/anestesiologia.uc.cl\/\"},{\"@type\":\"ListItem\",\"position\":2,\"name\":\"Podcast\"}]},{\"@type\":\"WebSite\",\"@id\":\"https:\/\/anestesiologia.uc.cl\/#website\",\"url\":\"https:\/\/anestesiologia.uc.cl\/\",\"name\":\"Anestesia Regional\",\"description\":\"Universidad Cat\u00f3lica\",\"potentialAction\":[{\"@type\":\"SearchAction\",\"target\":{\"@type\":\"EntryPoint\",\"urlTemplate\":\"https:\/\/anestesiologia.uc.cl\/?s={search_term_string}\"},\"query-input\":\"required name=search_term_string\"}],\"inLanguage\":\"es\"}]}<\/script>\n<!-- \/ Yoast SEO plugin. -->","yoast_head_json":{"title":"Podcast - Anestesia Regional","robots":{"index":"index","follow":"follow","max-snippet":"max-snippet:-1","max-image-preview":"max-image-preview:large","max-video-preview":"max-video-preview:-1"},"canonical":"https:\/\/anestesiologia.uc.cl\/?page_id=826","og_locale":"es_ES","og_type":"article","og_title":"Podcast - Anestesia Regional","og_description":"Buscar: \u00a1Hola a todos! Sean muy bienvenidos al...","og_url":"https:\/\/anestesiologia.uc.cl\/?page_id=826","og_site_name":"Anestesia Regional","article_modified_time":"2020-02-12T05:59:08+00:00","twitter_card":"summary_large_image","twitter_misc":{"Tiempo de lectura":"4 minutos"},"schema":{"@context":"https:\/\/schema.org","@graph":[{"@type":"WebPage","@id":"https:\/\/anestesiologia.uc.cl\/?page_id=826","url":"https:\/\/anestesiologia.uc.cl\/?page_id=826","name":"Podcast - Anestesia Regional","isPartOf":{"@id":"https:\/\/anestesiologia.uc.cl\/#website"},"datePublished":"2017-08-07T19:29:44+00:00","dateModified":"2020-02-12T05:59:08+00:00","breadcrumb":{"@id":"https:\/\/anestesiologia.uc.cl\/?page_id=826#breadcrumb"},"inLanguage":"es","potentialAction":[{"@type":"ReadAction","target":["https:\/\/anestesiologia.uc.cl\/?page_id=826"]}]},{"@type":"BreadcrumbList","@id":"https:\/\/anestesiologia.uc.cl\/?page_id=826#breadcrumb","itemListElement":[{"@type":"ListItem","position":1,"name":"Home","item":"https:\/\/anestesiologia.uc.cl\/"},{"@type":"ListItem","position":2,"name":"Podcast"}]},{"@type":"WebSite","@id":"https:\/\/anestesiologia.uc.cl\/#website","url":"https:\/\/anestesiologia.uc.cl\/","name":"Anestesia Regional","description":"Universidad Cat\u00f3lica","potentialAction":[{"@type":"SearchAction","target":{"@type":"EntryPoint","urlTemplate":"https:\/\/anestesiologia.uc.cl\/?s={search_term_string}"},"query-input":"required name=search_term_string"}],"inLanguage":"es"}]}},"_links":{"self":[{"href":"https:\/\/anestesiologia.uc.cl\/index.php?rest_route=\/wp\/v2\/pages\/826"}],"collection":[{"href":"https:\/\/anestesiologia.uc.cl\/index.php?rest_route=\/wp\/v2\/pages"}],"about":[{"href":"https:\/\/anestesiologia.uc.cl\/index.php?rest_route=\/wp\/v2\/types\/page"}],"author":[{"embeddable":true,"href":"https:\/\/anestesiologia.uc.cl\/index.php?rest_route=\/wp\/v2\/users\/1"}],"replies":[{"embeddable":true,"href":"https:\/\/anestesiologia.uc.cl\/index.php?rest_route=%2Fwp%2Fv2%2Fcomments&post=826"}],"version-history":[{"count":0,"href":"https:\/\/anestesiologia.uc.cl\/index.php?rest_route=\/wp\/v2\/pages\/826\/revisions"}],"wp:attachment":[{"href":"https:\/\/anestesiologia.uc.cl\/index.php?rest_route=%2Fwp%2Fv2%2Fmedia&parent=826"}],"curies":[{"name":"wp","href":"https:\/\/api.w.org\/{rel}","templated":true}]}}