{"id":2,"date":"2016-01-28T20:17:50","date_gmt":"2016-01-28T20:17:50","guid":{"rendered":"http:\/\/anestesiologia.uc.cl\/?page_id=2"},"modified":"2024-11-19T15:27:12","modified_gmt":"2024-11-19T15:27:12","slug":"ultimas-noticias","status":"publish","type":"page","link":"https:\/\/anestesiologia.uc.cl\/","title":{"rendered":"\u00daltimas noticias"},"content":{"rendered":"<p>[et_pb_section bb_built=&#8221;1&#8243; admin_label=&#8221;section&#8221; transparent_background=&#8221;on&#8221; allow_player_pause=&#8221;off&#8221; inner_shadow=&#8221;off&#8221; parallax=&#8221;off&#8221; parallax_method=&#8221;off&#8221; custom_padding=&#8221;0px||0px|&#8221; padding_mobile=&#8221;off&#8221; make_fullwidth=&#8221;off&#8221; use_custom_width=&#8221;off&#8221; width_unit=&#8221;on&#8221; make_equal=&#8221;off&#8221; use_custom_gutter=&#8221;off&#8221;][et_pb_row admin_label=&#8221;row&#8221; make_fullwidth=&#8221;off&#8221; use_custom_width=&#8221;off&#8221; width_unit=&#8221;on&#8221; use_custom_gutter=&#8221;off&#8221; padding_mobile=&#8221;off&#8221; custom_margin=&#8221;0px||-60px|&#8221; allow_player_pause=&#8221;off&#8221; parallax=&#8221;off&#8221; parallax_method=&#8221;off&#8221; make_equal=&#8221;off&#8221; parallax_1=&#8221;off&#8221; parallax_method_1=&#8221;off&#8221; padding_top_1=&#8221;0px&#8221; column_padding_mobile=&#8221;on&#8221; custom_padding=&#8221;||0px|&#8221; padding_bottom_1=&#8221;-60px&#8221; background_position=&#8221;top_left&#8221; background_repeat=&#8221;repeat&#8221; background_size=&#8221;initial&#8221;][et_pb_column type=&#8221;4_4&#8243;][et_pb_text admin_label=&#8221;Text&#8221; background_layout=&#8221;light&#8221; text_orientation=&#8221;left&#8221; border_style=&#8221;solid&#8221; background_position=&#8221;top_left&#8221; background_repeat=&#8221;repeat&#8221; background_size=&#8221;initial&#8221; _builder_version=&#8221;3.0.73&#8243;]<\/p>\n<div class=\"row\"><div class=\"col-md-6\"><div class=\"front-image\" style=\"background-image: url(https:\/\/anestesiologia.uc.cl\/wp-content\/uploads\/2022\/07\/Seminario-Fragilidad-SA20I0033_30-de-Junio_2022-1-1.jpeg)\"><a href=\"https:\/\/anestesiologia.uc.cl\/?p=1795\" class=\"over\"><h2>Seminario VIRTUAL Fragilidad, Acondicionamiento Oportuno y Resultados post quir\u00fargicos en pacientes mayores de 65 a\u00f1os<\/h2><span class=\"excerpt\">Para descargar el programa presiona este... <a href=\"\">more<\/a><\/span><\/a><\/div><\/div><div class=\"col-md-6\"><div class=\"front-image\" style=\"background-image: url(https:\/\/anestesiologia.uc.cl\/wp-content\/uploads\/2021\/11\/6-anesthesiologist-doctor-anesthetized-a-surgical-pa-2021-10-14-15-20-49-utc.jpg)\"><a href=\"https:\/\/anestesiologia.uc.cl\/?p=1791\" class=\"over\"><h2>La Divisi\u00f3n de Anestesiolog\u00eda de la Facultad de Medicina de la @Pontificia Universidad Cat\u00f3lica de Chile como nuevo Centro de Excelencia MDoloris.<\/h2><span class=\"excerpt\">\u00bfQu\u00e9 es un centro de excelencia? Un Centro de Excelencia MDoloris es una instituci\u00f3n acad\u00e9mica con reconocimiento nacional y\/o internacional, comprometida con el avance m\u00e9dico y cient\u00edfico,... <a href=\"\">more<\/a><\/span><\/a><\/div><\/div><div class=\"col-md-6\"><div class=\"front-image\" style=\"background-image: url(https:\/\/anestesiologia.uc.cl\/wp-content\/uploads\/2021\/10\/somulacion_1-1.png)\"><a href=\"https:\/\/anestesiologia.uc.cl\/?p=1612\" class=\"over\"><h2>El dise\u00f1o al servicio de la simulaci\u00f3n<\/h2><span class=\"excerpt\">Conoce el trabajo realizado en conjunto entre las facultades de Medicina y Dise\u00f1o UC. En una colaboraci\u00f3n in\u00e9dita, el Centro de Simulaci\u00f3n liderado por la Dra. Marcia Corvetto de la Divisi\u00f3n... <a href=\"\">more<\/a><\/span><\/a><\/div><\/div><div class=\"col-md-6\"><div class=\"front-image\" style=\"background-image: url(https:\/\/anestesiologia.uc.cl\/wp-content\/uploads\/2021\/10\/seminario-innovacion-dolor-cronico3-1-1.jpg)\"><a href=\"https:\/\/anestesiologia.uc.cl\/?p=1600\" class=\"over\"><h2>Seminario en Innovaciones de dolor cr\u00f3nico 2021<\/h2><span class=\"excerpt\">En esta oportunidad tuvimos la posibilidad de compartir con expositores nacionales e internacionales el tema de innovaciones en el manejo del dolor cr\u00f3nico. Para esta edici\u00f3n los temas a tratar... <a href=\"\">more<\/a><\/span><\/a><\/div><\/div><div class=\"col-md-6\"><div class=\"front-image\" style=\"background-image: url(https:\/\/anestesiologia.uc.cl\/wp-content\/uploads\/2021\/09\/3-2-1.png)\"><a href=\"https:\/\/anestesiologia.uc.cl\/?p=1591\" class=\"over\"><h2>Jornadas de Investigaci\u00f3n en Anestesiolog\u00eda 2021<\/h2><span class=\"excerpt\">El 29 y 30 de septiembre, desde las 18:00 hasta las 20:15 horas, se realizar\u00e1n las Jornadas de Investigaci\u00f3n en Anestesiolog\u00eda UC 2021. En esta instancia queremos dar a conocer los proyectos y... <a href=\"\">more<\/a><\/span><\/a><\/div><\/div><div class=\"col-md-6\"><div class=\"front-image\" style=\"background-image: url(https:\/\/anestesiologia.uc.cl\/wp-content\/uploads\/2021\/09\/dr-guillermo-lema-1.jpg)\"><a href=\"https:\/\/anestesiologia.uc.cl\/?p=1586\" class=\"over\"><h2>Dr.  Guillermo Lema Fuxman: \u201cMaestro de la Anestesiolog\u00eda Chilena\u201d<\/h2><span class=\"excerpt\">El pasado jueves 5 de agosto, el Directorio de la Sociedad Chilena de Anestesiolog\u00eda (SACH), determin\u00f3 por unanimidad de sus integrantes distinguir como \u201cMaestro de la Anestesiolog\u00eda Chilena\u201d... <a href=\"\">more<\/a><\/span><\/a><\/div><\/div><\/div><div class=\"row\"><div class=\"col-md-12\"><div class=\"pagination\"><span aria-current=\"page\" class=\"page-numbers current\">1<\/span>\n<a class=\"page-numbers\" href=\"https:\/\/anestesiologia.uc.cl\/index.php?rest_route=%2Fwp%2Fv2%2Fpages%2F2&#038;paged=2\">2<\/a>\n<a class=\"page-numbers\" href=\"https:\/\/anestesiologia.uc.cl\/index.php?rest_route=%2Fwp%2Fv2%2Fpages%2F2&#038;paged=3\">3<\/a>\n<span class=\"page-numbers dots\">&hellip;<\/span>\n<a class=\"page-numbers\" href=\"https:\/\/anestesiologia.uc.cl\/index.php?rest_route=%2Fwp%2Fv2%2Fpages%2F2&#038;paged=5\">5<\/a>\n<a class=\"next page-numbers\" href=\"https:\/\/anestesiologia.uc.cl\/index.php?rest_route=%2Fwp%2Fv2%2Fpages%2F2&#038;paged=2\">Siguiente &raquo;<\/a><\/div><\/div><\/div>\n<p>[\/et_pb_text][\/et_pb_column][\/et_pb_row][\/et_pb_section]<\/p>\n","protected":false},"excerpt":{"rendered":"[et_pb_section bb_built=&#8221;1&#8243; admin_label=&#8221;section&#8221; transparent_background=&#8221;on&#8221; allow_player_pause=&#8221;off&#8221; inner_shadow=&#8221;off&#8221; parallax=&#8221;off&#8221; parallax_method=&#8221;off&#8221; custom_padding=&#8221;0px||0px|&#8221; padding_mobile=&#8221;off&#8221; make_fullwidth=&#8221;off&#8221; use_custom_width=&#8221;off&#8221; width_unit=&#8221;on&#8221; make_equal=&#8221;off&#8221; use_custom_gutter=&#8221;off&#8221;][et_pb_row admin_label=&#8221;row&#8221; make_fullwidth=&#8221;off&#8221; use_custom_width=&#8221;off&#8221; width_unit=&#8221;on&#8221; use_custom_gutter=&#8221;off&#8221; padding_mobile=&#8221;off&#8221; custom_margin=&#8221;0px||-60px|&#8221; allow_player_pause=&#8221;off&#8221; parallax=&#8221;off&#8221; parallax_method=&#8221;off&#8221; make_equal=&#8221;off&#8221; parallax_1=&#8221;off&#8221; parallax_method_1=&#8221;off&#8221; padding_top_1=&#8221;0px&#8221; column_padding_mobile=&#8221;on&#8221; custom_padding=&#8221;||0px|&#8221; padding_bottom_1=&#8221;-60px&#8221; background_position=&#8221;top_left&#8221; background_repeat=&#8221;repeat&#8221; background_size=&#8221;initial&#8221;][et_pb_column type=&#8221;4_4&#8243;][et_pb_text admin_label=&#8221;Text&#8221; background_layout=&#8221;light&#8221; text_orientation=&#8221;left&#8221; border_style=&#8221;solid&#8221; background_position=&#8221;top_left&#8221; background_repeat=&#8221;repeat&#8221; background_size=&#8221;initial&#8221; _builder_version=&#8221;3.0.73&#8243;] [\/et_pb_text][\/et_pb_column][\/et_pb_row][\/et_pb_section]","protected":false},"author":5,"featured_media":0,"parent":0,"menu_order":0,"comment_status":"closed","ping_status":"closed","template":"frontpage.php","meta":{"_et_pb_use_builder":"on","_et_pb_old_content":"<p>[et_pb_section admin_label=\"section\"][et_pb_row admin_label=\"row\"][et_pb_column type=\"4_4\"][et_pb_text admin_label=\"Text\" background_layout=\"light\" text_orientation=\"left\" use_border_color=\"off\" border_color=\"#ffffff\" border_style=\"solid\"]<\/p><p>Es un honor presentar nuestro nuevo sitio web enfocado al departamento de Anestesia Regional, Universidad Cat\u00f3lica de Chile.\u00a0En la practica de la anestesia regional, es muy com\u00fan la implementaci\u00f3n de medios audiovisuales de apoyo, con el objetivo de facilitar el aprendizaje y familiarizar contenidos en relaci\u00f3n a esta subespecialidad de la anestesiolog\u00eda. En vista de lo anterior, tenemos la certeza de que este sitio web ser\u00e1 de gran apoyo para lograr nuestros objetivos.<\/p><p>[\/et_pb_text][\/et_pb_column][\/et_pb_row][\/et_pb_section]<\/p>","_et_gb_content_width":"","footnotes":""},"yoast_head":"<!-- This site is optimized with the Yoast SEO plugin v21.7 - https:\/\/yoast.com\/wordpress\/plugins\/seo\/ -->\n<title>Anestesia Regional, Universidad Cat\u00f3lica de Chile<\/title>\n<meta name=\"description\" content=\"Divisi\u00f3n de Anestesia Regional asociada a la Pontificia Universidad Cat\u00f3lica de Chile\" \/>\n<meta name=\"robots\" content=\"index, follow, max-snippet:-1, max-image-preview:large, max-video-preview:-1\" \/>\n<link rel=\"canonical\" href=\"https:\/\/anestesiologia.uc.cl\/\" \/>\n<meta property=\"og:locale\" content=\"es_ES\" \/>\n<meta property=\"og:type\" content=\"article\" \/>\n<meta property=\"og:title\" content=\"Anestesia Regional, Universidad Cat\u00f3lica de Chile\" \/>\n<meta property=\"og:description\" content=\"Divisi\u00f3n de Anestesia Regional asociada a la Pontificia Universidad Cat\u00f3lica de Chile\" \/>\n<meta property=\"og:url\" content=\"https:\/\/anestesiologia.uc.cl\/\" \/>\n<meta property=\"og:site_name\" content=\"Anestesia Regional\" \/>\n<meta property=\"article:modified_time\" content=\"2024-11-19T15:27:12+00:00\" \/>\n<meta name=\"twitter:card\" content=\"summary_large_image\" \/>\n<meta name=\"twitter:label1\" content=\"Tiempo de lectura\" \/>\n\t<meta name=\"twitter:data1\" content=\"2 minutos\" \/>\n<script type=\"application\/ld+json\" class=\"yoast-schema-graph\">{\"@context\":\"https:\/\/schema.org\",\"@graph\":[{\"@type\":\"WebPage\",\"@id\":\"https:\/\/anestesiologia.uc.cl\/\",\"url\":\"https:\/\/anestesiologia.uc.cl\/\",\"name\":\"Anestesia Regional, Universidad Cat\u00f3lica de Chile\",\"isPartOf\":{\"@id\":\"https:\/\/anestesiologia.uc.cl\/#website\"},\"datePublished\":\"2016-01-28T20:17:50+00:00\",\"dateModified\":\"2024-11-19T15:27:12+00:00\",\"description\":\"Divisi\u00f3n de Anestesia Regional asociada a la Pontificia Universidad Cat\u00f3lica de Chile\",\"breadcrumb\":{\"@id\":\"https:\/\/anestesiologia.uc.cl\/#breadcrumb\"},\"inLanguage\":\"es\",\"potentialAction\":[{\"@type\":\"ReadAction\",\"target\":[\"https:\/\/anestesiologia.uc.cl\/\"]}]},{\"@type\":\"BreadcrumbList\",\"@id\":\"https:\/\/anestesiologia.uc.cl\/#breadcrumb\",\"itemListElement\":[{\"@type\":\"ListItem\",\"position\":1,\"name\":\"Home\",\"item\":\"https:\/\/anestesiologia.uc.cl\/\"},{\"@type\":\"ListItem\",\"position\":2,\"name\":\"\u00daltimas noticias\"}]},{\"@type\":\"WebSite\",\"@id\":\"https:\/\/anestesiologia.uc.cl\/#website\",\"url\":\"https:\/\/anestesiologia.uc.cl\/\",\"name\":\"Anestesia Regional\",\"description\":\"Universidad Cat\u00f3lica\",\"potentialAction\":[{\"@type\":\"SearchAction\",\"target\":{\"@type\":\"EntryPoint\",\"urlTemplate\":\"https:\/\/anestesiologia.uc.cl\/?s={search_term_string}\"},\"query-input\":\"required name=search_term_string\"}],\"inLanguage\":\"es\"}]}<\/script>\n<!-- \/ Yoast SEO plugin. -->","yoast_head_json":{"title":"Anestesia Regional, Universidad Cat\u00f3lica de Chile","description":"Divisi\u00f3n de Anestesia Regional asociada a la Pontificia Universidad Cat\u00f3lica de Chile","robots":{"index":"index","follow":"follow","max-snippet":"max-snippet:-1","max-image-preview":"max-image-preview:large","max-video-preview":"max-video-preview:-1"},"canonical":"https:\/\/anestesiologia.uc.cl\/","og_locale":"es_ES","og_type":"article","og_title":"Anestesia Regional, Universidad Cat\u00f3lica de Chile","og_description":"Divisi\u00f3n de Anestesia Regional asociada a la Pontificia Universidad Cat\u00f3lica de Chile","og_url":"https:\/\/anestesiologia.uc.cl\/","og_site_name":"Anestesia Regional","article_modified_time":"2024-11-19T15:27:12+00:00","twitter_card":"summary_large_image","twitter_misc":{"Tiempo de lectura":"2 minutos"},"schema":{"@context":"https:\/\/schema.org","@graph":[{"@type":"WebPage","@id":"https:\/\/anestesiologia.uc.cl\/","url":"https:\/\/anestesiologia.uc.cl\/","name":"Anestesia Regional, Universidad Cat\u00f3lica de Chile","isPartOf":{"@id":"https:\/\/anestesiologia.uc.cl\/#website"},"datePublished":"2016-01-28T20:17:50+00:00","dateModified":"2024-11-19T15:27:12+00:00","description":"Divisi\u00f3n de Anestesia Regional asociada a la Pontificia Universidad Cat\u00f3lica de Chile","breadcrumb":{"@id":"https:\/\/anestesiologia.uc.cl\/#breadcrumb"},"inLanguage":"es","potentialAction":[{"@type":"ReadAction","target":["https:\/\/anestesiologia.uc.cl\/"]}]},{"@type":"BreadcrumbList","@id":"https:\/\/anestesiologia.uc.cl\/#breadcrumb","itemListElement":[{"@type":"ListItem","position":1,"name":"Home","item":"https:\/\/anestesiologia.uc.cl\/"},{"@type":"ListItem","position":2,"name":"\u00daltimas noticias"}]},{"@type":"WebSite","@id":"https:\/\/anestesiologia.uc.cl\/#website","url":"https:\/\/anestesiologia.uc.cl\/","name":"Anestesia Regional","description":"Universidad Cat\u00f3lica","potentialAction":[{"@type":"SearchAction","target":{"@type":"EntryPoint","urlTemplate":"https:\/\/anestesiologia.uc.cl\/?s={search_term_string}"},"query-input":"required name=search_term_string"}],"inLanguage":"es"}]}},"_links":{"self":[{"href":"https:\/\/anestesiologia.uc.cl\/index.php?rest_route=\/wp\/v2\/pages\/2"}],"collection":[{"href":"https:\/\/anestesiologia.uc.cl\/index.php?rest_route=\/wp\/v2\/pages"}],"about":[{"href":"https:\/\/anestesiologia.uc.cl\/index.php?rest_route=\/wp\/v2\/types\/page"}],"author":[{"embeddable":true,"href":"https:\/\/anestesiologia.uc.cl\/index.php?rest_route=\/wp\/v2\/users\/5"}],"replies":[{"embeddable":true,"href":"https:\/\/anestesiologia.uc.cl\/index.php?rest_route=%2Fwp%2Fv2%2Fcomments&post=2"}],"version-history":[{"count":1,"href":"https:\/\/anestesiologia.uc.cl\/index.php?rest_route=\/wp\/v2\/pages\/2\/revisions"}],"predecessor-version":[{"id":1633,"href":"https:\/\/anestesiologia.uc.cl\/index.php?rest_route=\/wp\/v2\/pages\/2\/revisions\/1633"}],"wp:attachment":[{"href":"https:\/\/anestesiologia.uc.cl\/index.php?rest_route=%2Fwp%2Fv2%2Fmedia&parent=2"}],"curies":[{"name":"wp","href":"https:\/\/api.w.org\/{rel}","templated":true}]}}